ded by 34.
24
What is the remainder when 13306 is divided by 1663?
2
What is the remainder when 1407 is divided by 551?
305
What is the remainder when 3671 is divided by 11?
8
What is the remainder when 206264 is divided by 79?
74
Calculate the remainder when 586036 is divided by 446.
438
Calculate the remainder when 1722 is divided by 68.
22
Calculate the remainder when 1977 is divided by 246.
9
Calculate the remainder when 6847 is divided by 193.
92
What is the remainder when 834 is divided by 327?
180
What is the remainder when 11399 is divided by 876?
11
Calculate the remainder when 5932 is divided by 395.
7
Calculate the remainder when 13687 is divided by 2735.
12
Calculate the remainder when 340470 is divided by 651.
648
What is the remainder when 40836 is divided by 2401?
19
Calculate the remainder when 8776 is divided by 262.
130
Calculate the remainder when 393 is divided by 376.
17
What is the remainder when 330753 is divided by 12?
9
Calculate the remainder when 6416 is divided by 2574.
1268
What is the remainder when 31810 is divided by 7952?
2
What is the remainder when 74518 is divided by 115?
113
Calculate the remainder when 13900 is divided by 8.
4
What is the remainder when 3460 is divided by 7?
2
Calculate the remainder when 2741 is divided by 207.
50
What is the remainder when 107503 is divided by 10?
3
Calculate the remainder when 18598 is divided by 11.
8
What is the remainder when 68499 is divided by 52?
15
Calculate the remainder when 98510 is divided by 32834.
8
Calculate the remainder when 2527 is divided by 46.
43
What is the remainder when 79565 is divided by 46?
31
What is the remainder when 561653 is divided by 105?
8
Calculate the remainder when 2000318 is divided by 752.
750
Calculate the remainder when 1150 is divided by 103.
17
Calculate the remainder when 847828 is divided by 141304.
4
Calculate the remainder when 40613 is divided by 269.
263
Calculate the remainder when 933 is divided by 852.
81
What is the remainder when 12022 is divided by 1336?
1334
What is the remainder when 357 is divided by 98?
63
What is the remainder when 48841 is divided by 226?
25
Calculate the remainder when 96628 is divided by 28.
0
What is the remainder when 1188768 is divided by 1070?
1068
What is the remainder when 3682 is divided by 149?
106
Calculate the remainder when 665 is divided by 298.
69
Calculate the remainder when 261217 is divided by 422.
421
Calculate the remainder when 4205638 is divided by 20.
18
Calculate the remainder when 150 is divided by 121.
29
What is the remainder when 45641 is divided by 3259?
15
What is the remainder when 529648 is divided by 990?
988
What is the remainder when 4226793 is divided by 46?
37
What is the remainder when 168816 is divided by 26?
24
Calculate the remainder when 147506 is divided by 17.
14
What is the remainder when 1574 is divided by 608?
358
Calculate the remainder when 15831 is divided by 7781.
269
Calculate the remainder when 2701 is divided by 2667.
34
What is the remainder when 3628 is divided by 76?
56
Calculate the remainder when 1871 is divided by 26.
25
What is the remainder when 57898 is divided by 8227?
309
What is the remainder when 1711 is divided by 691?
329
What is the remainder when 59445 is divided by 184?
13
Calculate the remainder when 1511 is divided by 378.
377
Calculate the remainder when 332 is divided by 9.
8
What is the remainder when 142832 is divided by 34?
32
Calculate the remainder when 4329 is divided by 316.
221
Calculate the remainder when 37014 is divided by 311.
5
What is the remainder when 315168 is divided by 14?
0
What is the remainder when 1233 is divided by 120?
33
Calculate the remainder when 42130 is divided by 91.
88
Calculate the remainder when 12734 is divided by 885.
344
Calculate the remainder when 1311 is divided by 452.
407
Calculate the remainder when 4900 is divided by 192.
100
What is the remainder when 100451 is divided by 50219?
13
What is the remainder when 77408 is divided by 12?
8
What is the remainder when 47809 is divided by 1707?
13
What is the remainder when 369711 is divided by 38?
9
Calculate the remainder when 41486 is divided by 13828.
2
What is the remainder when 1615 is divided by 24?
7
Calculate the remainder when 117367 is divided by 536.
519
Calculate the remainder when 7962 is divided by 1878.
450
Calculate the remainder when 1096318 is divided by 3.
1
What is the remainder when 32930 is divided by 383?
375
What is the remainder when 12270 is divided by 193?
111
Calculate the remainder when 8807 is divided by 1.
0
What is the remainder when 26653 is divided by 27?
4
What is the remainder when 126929 is divided by 22?
11
What is the remainder when 10938 is divided by 1073?
208
What is the remainder when 43696 is divided by 21?
16
Calculate the remainder when 11231 is divided by 116.
95
What is the remainder when 813 is divided by 2?
1
What is the remainder when 133707 is divided by 133684?
23
What is the remainder when 4727 is divided by 480?
407
What is the remainder when 183637 is divided by 30?
7
What is the remainder when 1351 is divided by 802?
549
Calculate the remainder when 16012 is divided by 16004.
8
What is the remainder when 6170 is divided by 953?
452
Calculate the remainder when 6925 is divided by 495.
490
Calculate the remainder when 28685 is divided by 14331.
23
Calculate the remainder when 68200 is divided by 134.
128
What is the remainder when 8452 is divided by 4220?
12
Calculate the remainder when 33641 is divided by 43.
15
What is the remainder when 395271 is divided by 226?
223
Calculate the remainder when 2909 is divided by 40.
29
What is the remainder when 2289 is divided by 1142?
5
Calculate the remainder when 63720 is divided by 3747.
21
What is the remainder when 5815 is divided by 531?
505
Calculate the remainder when 46951 is divided by 23475.
1
What is the remainder when 407065 is divided by 31311?
22
What is the remainder when 34572 is divided by 245?
27
Calculate the remainder when 91092 is divided by 264.
12
Calculate the remainder when 87334 is divided by 29105.
19
Calculate the remainder when 1156 is divided by 912.
244
What is the remainder when 2960 is divided by 96?
80
Calculate the remainder when 7798 is divided by 24.
22
What is the remainder when 54785 is divided by 141?
77
What is the remainder when 2021 is divided by 81?
77
Calculate the remainder when 2484 is divided by 118.
6
What is the remainder when 20293 is divided by 216?
205
What is the remainder when 48932 is divided by 48918?
14
What is the remainder when 37107 is divided by 417?
411
What is the remainder when 382958 is divided by 450?
8
What is the remainder when 6958 is divided by 158?
6
Calculate the remainder when 227969 is divided by 75985.
14
What is the remainder when 82174 is divided by 428?
426
Calculate the remainder when 48836 is divided by 185.
181
Calculate the remainder when 39153 is divided by 145.
3
What is the remainder when 8458 is divided by 192?
10
Calculate the remainder when 25450 is divided by 946.
854
What is the remainder when 5109 is divided by 1008?
69
Calculate the remainder when 11304 is divided by 109.
77
Calculate the remainder when 17683 is divided by 5813.
244
What is the remainder when 227112 is divided by 3069?
6
What is the remainder when 2863 is divided by 787?
502
What is the remainder when 1056 is divided by 201?
51
Calculate the remainder when 2182 is divided by 2012.
170
Calculate the remainder when 133229 is divided by 106.
93
Calculate the remainder when 5236 is divided by 69.
61
What is the remainder when 8691 is divided by 2882?
45
Calculate the remainder when 645061 is divided by 18.
13
What is the remainder when 23912 is divided by 315?
287
What is the remainder when 99858 is divided by 3120?
18
Calculate the remainder when 104192 is divided by 34729.
5
What is the remainder when 1134 is divided by 53?
21
Calculate the remainder when 450618 is divided by 641.
636
What is the remainder when 8077438 is divided by 112?
110
What is the remainder when 4286 is divided by 4266?
20
Calculate the remainder when 5347 is divided by 28.
27
What is the remainder when 1371629 is divided by 20?
9
Calculate the remainder when 77222 is divided by 7.
5
Calculate the remain